0338739 composite?
False
Is 494805253 prime?
True
Is 3055567 a composite number?
False
Is 978470593 a prime number?
True
Is 1766443037 a composite number?
False
Is 3452448001 composite?
True
Is 2501857 a composite number?
True
Is 90221394929 composite?
False
Is 341743211 a prime number?
False
Is 720906313 composite?
False
Is 1945161707 a prime number?
True
Is 3539349166 a prime number?
False
Is 6232960117 a composite number?
False
Is 17946251167 composite?
True
Is 2111322607 a prime number?
True
Is 754258591 prime?
False
Is 7606029017 a composite number?
False
Is 2943942217 prime?
False
Is 19747093159 composite?
True
Is 153457349 composite?
False
Is 75772094467 prime?
True
Is 54904230437 prime?
False
Is 501057971 prime?
True
Is 1133359067 composite?
False
Is 209127517 composite?
True
Is 13808586119 a prime number?
True
Is 48425780827 composite?
False
Is 29888913391 a composite number?
True
Is 93195953141 a prime number?
True
Is 1175520043 a prime number?
True
Is 83494604618 composite?
True
Is 209555119 prime?
True
Is 39052587837 a prime number?
False
Is 12887695833 a prime number?
False
Is 6191539477 a prime number?
False
Is 55251151 composite?
False
Is 1819353667 prime?
False
Is 1288915619 composite?
False
Is 13073633186 a composite number?
True
Is 13587375173 prime?
False
Is 34646895421 a prime number?
True
Is 21221714581 composite?
False
Is 36936011209 a composite number?
False
Is 309821002537 a composite number?
True
Is 3482066827 a prime number?
True
Is 41609857 a composite number?
True
Is 745030931 prime?
True
Is 8433905419 composite?
True
Is 242986357 a prime number?
False
Is 170419370777 prime?
True
Is 120258349 a prime number?
False
Is 194786290967 a prime number?
True
Is 79837267613 composite?
False
Is 3350647585 a composite number?
True
Is 487710893 a composite number?
True
Is 6055421101 prime?
False
Is 1918576679 a composite number?
True
Is 129241949 a prime number?
True
Is 3021443855 a prime number?
False
Is 1130676329 composite?
True
Is 15797608909 prime?
True
Is 518161297 prime?
True
Is 2258417489 prime?
False
Is 3447740927 prime?
False
Is 7392382093 a prime number?
True
Is 1115147497 a composite number?
False
Is 493146179 a prime number?
True
Is 2369906219 composite?
False
Is 2779024793 composite?
False
Is 5765723 composite?
True
Is 8072064703 composite?
False
Is 4688881007 a prime number?
True
Is 2215538027 a composite number?
True
Is 60557875211 a composite number?
True
Is 37190918803 prime?
False
Is 12638917673 prime?
True
Is 1147201961 a composite number?
False
Is 108926621 a composite number?
False
Is 6375033823 prime?
True
Is 5947680247 prime?
True
Is 68801151187 a prime number?
True
Is 436485887 a prime number?
True
Is 7972552591 composite?
False
Is 29097773989 a prime number?
True
Is 45573260399 a composite number?
True
Is 2907163513 a composite number?
False
Is 291273487 composite?
True
Is 30533393479 prime?
False
Is 1546532989 a prime number?
True
Is 1139854007 composite?
False
Is 24924804693 composite?
True
Is 12266396963 a composite number?
True
Is 17873103895 a composite number?
True
Is 158741534023 a composite number?
False
Is 719313649 a prime number?
False
Is 18281486689 composite?
False
Is 14523304963 a prime number?
True
Is 32410489819 a prime number?
True
Is 129840689 a composite number?
True
Is 6525854557 prime?
True
Is 31738891097 composite?
False
Is 204330672149 a prime number?
False
Is 32817936527 composite?
False
Is 31551255601 a prime number?
True
Is 80627143411 a composite number?
True
Is 73241454511 prime?
False
Is 17717844803 composite?
True
Is 54374254801 a prime number?
False
Is 3172749974 a composite number?
True
Is 791745581 a composite number?
True
Is 2239852399 composite?
False
Is 38145358703 composite?
False
Is 2613852903 a composite number?
True
Is 1535086466 composite?
True
Is 8579983757 prime?
True
Is 3465027119 composite?
True
Is 128076594973 a prime number?
True
Is 109837864451 prime?
False
Is 13840777673 composite?
False
Is 1716700889 a prime number?
False
Is 80940408943 a composite number?
False
Is 561390979 prime?
True
Is 16380312853 a prime number?
True
Is 17123555971 prime?
True
Is 9726725177 prime?
False
Is 19845369529 a prime number?
True
Is 1323593347 a prime number?
True
Is 15560334541 composite?
True
Is 90232247309 a composite number?
True
Is 32500205321 composite?
False
Is 18069785 prime?
False
Is 383347043 prime?
False
Is 533296727 composite?
False
Is 27577274831 composite?
False
Is 12731296913 a composite number?
False
Is 1249447951 composite?
True
Is 3505214099 a composite number?
True
Is 7223248421 composite?
False
Is 51920557457 a composite number?
False
Is 107987000969 prime?
True
Is 5627997497 a prime number?
True
Is 337396201 composite?
True
Is 5614780349 a composite number?
True
Is 341700889 prime?
True
Is 498987029 a composite number?
False
Is 56031129239 prime?
False
Is 5980619263 a composite number?
False
Is 60936243857 a composite number?
False
Is 6745127042 a composite number?
True
Is 19498036451 a composite number?
False
Is 40036040227 a composite number?
True
Is 41488043453 prime?
False
Is 154784517 a composite number?
True
Is 183050327 a prime number?
True
Is 3819143923 a prime number?
False
Is 22259835373 prime?
False
Is 113585647019 composite?
True
Is 5162432159 a composite number?
True
Is 1814257471 a prime number?
False
Is 11272195589 prime?
True
Is 1164615331 a composite number?
True
Is 80762924741 a prime number?
True
Is 15263903481 a composite number?
True
Is 11105378665 composite?
True
Is 1342522717 prime?
False
Is 975238809 a prime number?
False
Is 715120159821 prime?
False
Is 6891106319 a composite number?
False
Is 11525415809 composite?
True
Is 1810774627 a prime number?
False
Is 405983357 a composite number?
True
Is 6138909529 prime?
False
Is 162682447061 composite?
False
Is 316622183 a prime number?
False
Is 11160488771 prime?
False
Is 38112506381 composite?
False
Is 4780744867 a composite number?
True
Is 5572490087 prime?
True
Is 4136466731 a composite number?
True
Is 81649613051 a prime number?
True
Is 11924069129 composite?
True
Is 31409429231 composite?
False
Is 2810885563 prime?
True
Is 3673282687 a prime number?
False
Is 41888284826 prime?
False
Is 1464334783 composite?
False
Is 76432248401 composite?
False
Is 45031186711 prime?
False
Is 115055122271 prime?
True
Is 1406414967 a composite number?
True
Is 37987607393 composite?
False
Is 1861359911 prime?
True
Is 21064787839 prime?
False
Is 89825275441 a composite number?
True
Is 101763965839 composite?
True
Is 2239078657 a composite number?
False
Is 2476594793 a composite number?
False
Is 9910810027 a composite number?
False
Is 1840220951 a prime number?
True
Is 1788622243 composite?
False
Is 73662562247 a composite number?
False
Is 808724985929 a composite number?
True
Is 2492806961 composite?
True
Is 1975835649 a composite number?
True
Is 1089257933 prime?
True
Is 203027263 prime?
False
Is 17788997321 composite?
False
Is 465525149 a prime number?
False
Is 337717049 prime?
True
Is 5101419803 a composite number?
True
Is 5334143093 a prime number?
True
Is 1749532253 a composite number?
True
Is 57505051139 a composite number?
True
Is 852193873 a prime number?
False
Is 380846863 a composite number?
False
Is 5997255501 composite?
True
Is 907263781 composite?
False
Is 1404807407 composite?
False
Is 19444947409 composite?
True
Is 6661427 a prime number?
False
Is 241519763 composite?
True
Is 48322290661 a composite number?
True
Is 19321769771 a prime number?
False
Is 2412691223 composite?
False
Is 723033229 composite?
False
Is 34842781013 prime?
True
Is 59346787 a composite number?
False
Is 5806134055 a composite number?
True
Is 60747751361 a composite number?
True
Is 26268343597 composite?
False
Is 77527741 composite?
True
Is 54439722283 a prime number?
True
Is 1188258121 a composite number?
False
Is 1660574327 prime?
True
Is 1590115486 prime?
False
Is 2967377489 prime?
False
Is 106548613 a composite number?
True
Is 557857127 a prime number?
True
Is 18093227 composite?
False
Is 231537856859 a composite number?
True
Is 139210069 composite?
True
Is 1251125831 composite?
False
Is 1674852301 prime?
True
Is 457213607 composite?
True
Is 1007694953 prime?
True
Is 14746384993 a prime number?
False
Is 23